{"id":2183,"date":"2025-11-06T10:36:35","date_gmt":"2025-11-06T08:36:35","guid":{"rendered":"https:\/\/casino-bk-site33.top\/?page_id=2183"},"modified":"2025-11-06T10:36:35","modified_gmt":"2025-11-06T08:36:35","slug":"sorumlu-oyun","status":"publish","type":"page","link":"https:\/\/casino-bk-site33.top\/tr\/sorumlu-oyun\/","title":{"rendered":"Sorumlu Oyun"},"content":{"rendered":"<h1>1xBet&#8217;te Sorumlu Oyun<\/h1>\n<p>1xBet&#8217;te, kumar\u0131n bir sorun kayna\u011f\u0131 de\u011fil, e\u011flence ve olumlu duygular kayna\u011f\u0131 olmas\u0131 gerekti\u011fine inan\u0131yoruz. Bu y\u00fczden sorumlu oyun, her oyuncu i\u00e7in g\u00fcvenli ve adil bir ortam sa\u011flayarak yapt\u0131\u011f\u0131m\u0131z her \u015feyin temelinde yer al\u0131r.<\/p>\n<h3>Bilgi ve Fark\u0131ndal\u0131k<\/h3>\n<p>Oyunculara kumar\u0131n riskleri hakk\u0131nda net bilgi sa\u011flaman\u0131n hayati \u00f6nem ta\u015f\u0131d\u0131\u011f\u0131n\u0131 d\u00fc\u015f\u00fcn\u00fcyoruz. Web sitemizde, sorunlu kumar\u0131n belirtileri ve nas\u0131l \u00f6nlenece\u011fine dair kaynaklar bulacaks\u0131n\u0131z. Misyonumuz, kullan\u0131c\u0131lar\u0131n bo\u015f zamanlar\u0131n\u0131 kontrol alt\u0131nda tutarken nas\u0131l sorumlu bir \u015fekilde oynayacaklar\u0131n\u0131 anlamalar\u0131na yard\u0131mc\u0131 olmakt\u0131r.<\/p>\n<h3>\u00d6zdenetim Ara\u00e7lar\u0131<\/h3>\n<p>M\u00fc\u015fterilere oyunlar\u0131 \u00fczerinde tam kontrol verebilmek i\u00e7in ki\u015fisel hesapta \u015fu gibi yard\u0131mc\u0131 ara\u00e7lar bulunur: &#8212; yat\u0131r\u0131m ve bahis limitleri, &#8212; oturum s\u00fcresi k\u0131s\u0131tlamalar\u0131, &#8212; ge\u00e7ici ask\u0131ya alma veya tamamen kendini d\u0131\u015flama.<\/p>\n<p>Bu se\u00e7enekler, oyuncular\u0131n dengelerini korulamalar\u0131na ve kumar\u0131 g\u00fcvenli bir e\u011flence olarak s\u00fcrd\u00fcrmelerine yard\u0131mc\u0131 olur.<\/p>\n<h3>Teknolojik \u00c7\u00f6z\u00fcmler<\/h3>\n<p>1xBet, ola\u011fand\u0131\u015f\u0131 davran\u0131\u015flar\u0131 izlemek ve a\u015f\u0131r\u0131 oyunun erken belirtilerini tespit etmek i\u00e7in geli\u015fmi\u015f izleme algoritmalar\u0131 kullan\u0131r. Bu proaktif yakla\u015f\u0131m, olas\u0131 riskler konusunda oyuncular\u0131 uyarmam\u0131za ve ihtiya\u00e7 duyuldu\u011funda ek koruma sa\u011flamam\u0131za olanak tan\u0131r.<\/p>\n<h3>Oyuncu Deste\u011fi<\/h3>\n<p>Kumar\u0131 kontrol etmek zorla\u015f\u0131rsa, 7\/24 hizmet veren destek ekibimiz her zaman haz\u0131rd\u0131r. Uzmanlar\u0131m\u0131z yaln\u0131zca hesap ayarlar\u0131 ve limitler konusunda yard\u0131m sa\u011flamakla kalmaz, ayn\u0131 zamanda oyuncular\u0131n daha fazla yard\u0131m alabilece\u011fi profesyonel kurulu\u015flar hakk\u0131nda da bilgi verir.<\/p>\n<h3>E\u011fitim Kaynaklar\u0131<\/h3>\n<p>Sorumlu kumar\u0131 te\u015fvik eden makaleler, rehberler ve uzman tavsiyeleri sunuyoruz. Bu materyaller, b\u00fct\u00e7eyi ak\u0131ll\u0131ca y\u00f6netmeyi, problemli davran\u0131\u015flar\u0131 tan\u0131may\u0131 ve \u00f6zdisiplini korumay\u0131 a\u00e7\u0131klar.<\/p>\n<h3>Sosyal Sorumluluk<\/h3>\n<p>1xBet i\u00e7in sorumlu oyun, bir i\u00e7 politikan\u0131n \u00f6tesinde &#8212; sosyal misyonumuzun bir par\u00e7as\u0131d\u0131r. Kumar ba\u011f\u0131ml\u0131l\u0131\u011f\u0131n\u0131 \u00f6nleme giri\u015fimlerini aktif olarak destekliyor ve oyunculara yard\u0131m etmeye adanm\u0131\u015f kurulu\u015flarla i\u015f birli\u011fi yap\u0131yoruz.<\/p>\n<h3>Sonu\u00e7<\/h3>\n<p>1xBet&#8217;te sorumlu oyun, yaln\u0131zca bir gereklilik de\u011fil, temel bir ilkedir. Kumar\u0131n sa\u011fl\u0131\u011fa veya refaha zarar vermeden e\u011flenceli kalmas\u0131n\u0131 sa\u011flayan g\u00fcvenli bir alan yaratmaya kendimizi adad\u0131k. \u00d6nceliklerimiz, adil kurallar, oyuncu korumas\u0131 ve her durumda eri\u015filebilir destektir.<\/p>\n","protected":false},"excerpt":{"rendered":"<p>1xBet&#8217;te Sorumlu Oyun 1xBet&#8217;te, kumar\u0131n bir sorun kayna\u011f\u0131 de\u011fil, e\u011flence ve olumlu duygular kayna\u011f\u0131 olmas\u0131 gerekti\u011fine inan\u0131yoruz. Bu y\u00fczden sorumlu oyun, her oyuncu i\u00e7in g\u00fcvenli ve adil bir ortam sa\u011flayarak yapt\u0131\u011f\u0131m\u0131z her \u015feyin temelinde yer al\u0131r. Bilgi ve Fark\u0131ndal\u0131k Oyunculara kumar\u0131n riskleri hakk\u0131nda net bilgi sa\u011flaman\u0131n hayati \u00f6nem ta\u015f\u0131d\u0131\u011f\u0131n\u0131 d\u00fc\u015f\u00fcn\u00fcyoruz. Web sitemizde, sorunlu kumar\u0131n belirtileri [&hellip;]<\/p>\n","protected":false},"author":1,"featured_media":0,"parent":0,"menu_order":0,"comment_status":"closed","ping_status":"closed","template":"","meta":{"_acf_changed":false,"footnotes":""},"class_list":["post-2183","page","type-page","status-publish","hentry"],"acf":[],"yoast_head":"<!-- This site is optimized with the Yoast SEO plugin v27.0 - https:\/\/yoast.com\/product\/yoast-seo-wordpress\/ -->\n<title>Sorumlu Oyun | 1xBet \u2013 Adil Oyun, \u00d6z Kontrol ve Oyuncu Deste\u011fi<\/title>\n<meta name=\"robots\" content=\"index, follow, max-snippet:-1, max-image-preview:large, max-video-preview:-1\" \/>\n<link rel=\"canonical\" href=\"https:\/\/casino-bk-site33.top\/tr\/sorumlu-oyun\/\" \/>\n<meta property=\"og:locale\" content=\"ru_RU\" \/>\n<meta property=\"og:type\" content=\"article\" \/>\n<meta property=\"og:title\" content=\"Sorumlu Oyun | 1xBet \u2013 Adil Oyun, \u00d6z Kontrol ve Oyuncu Deste\u011fi\" \/>\n<meta property=\"og:description\" content=\"1xBet&#8217;te Sorumlu Oyun 1xBet&#8217;te, kumar\u0131n bir sorun kayna\u011f\u0131 de\u011fil, e\u011flence ve olumlu duygular kayna\u011f\u0131 olmas\u0131 gerekti\u011fine inan\u0131yoruz. Bu y\u00fczden sorumlu oyun, her oyuncu i\u00e7in g\u00fcvenli ve adil bir ortam sa\u011flayarak yapt\u0131\u011f\u0131m\u0131z her \u015feyin temelinde yer al\u0131r. Bilgi ve Fark\u0131ndal\u0131k Oyunculara kumar\u0131n riskleri hakk\u0131nda net bilgi sa\u011flaman\u0131n hayati \u00f6nem ta\u015f\u0131d\u0131\u011f\u0131n\u0131 d\u00fc\u015f\u00fcn\u00fcyoruz. Web sitemizde, sorunlu kumar\u0131n belirtileri [&hellip;]\" \/>\n<meta property=\"og:url\" content=\"https:\/\/casino-bk-site33.top\/tr\/sorumlu-oyun\/\" \/>\n<meta property=\"og:site_name\" content=\"casino-bk-site33.top\" \/>\n<meta name=\"twitter:card\" content=\"summary_large_image\" \/>\n<script type=\"application\/ld+json\" class=\"yoast-schema-graph\">{\"@context\":\"https:\/\/schema.org\",\"@graph\":[{\"@type\":\"WebPage\",\"@id\":\"https:\/\/casino-bk-site33.top\/tr\/sorumlu-oyun\/\",\"url\":\"https:\/\/casino-bk-site33.top\/tr\/sorumlu-oyun\/\",\"name\":\"Sorumlu Oyun | 1xBet \u2013 Adil Oyun, \u00d6z Kontrol ve Oyuncu Deste\u011fi\",\"isPartOf\":{\"@id\":\"https:\/\/casino-bk-site33.top\/#website\"},\"datePublished\":\"2025-11-06T08:36:35+00:00\",\"breadcrumb\":{\"@id\":\"https:\/\/casino-bk-site33.top\/tr\/sorumlu-oyun\/#breadcrumb\"},\"inLanguage\":\"ru-RU\",\"potentialAction\":[{\"@type\":\"ReadAction\",\"target\":[\"https:\/\/casino-bk-site33.top\/tr\/sorumlu-oyun\/\"]}]},{\"@type\":\"BreadcrumbList\",\"@id\":\"https:\/\/casino-bk-site33.top\/tr\/sorumlu-oyun\/#breadcrumb\",\"itemListElement\":[{\"@type\":\"ListItem\",\"position\":1,\"name\":\"\u0413\u043b\u0430\u0432\u043d\u0430\u044f \u0441\u0442\u0440\u0430\u043d\u0438\u0446\u0430\",\"item\":\"https:\/\/casino-bk-site33.top\/\"},{\"@type\":\"ListItem\",\"position\":2,\"name\":\"Sorumlu Oyun\"}]},{\"@type\":\"WebSite\",\"@id\":\"https:\/\/casino-bk-site33.top\/#website\",\"url\":\"https:\/\/casino-bk-site33.top\/\",\"name\":\"casino-bk-site33.top\",\"description\":\"\",\"potentialAction\":[{\"@type\":\"SearchAction\",\"target\":{\"@type\":\"EntryPoint\",\"urlTemplate\":\"https:\/\/casino-bk-site33.top\/?s={search_term_string}\"},\"query-input\":{\"@type\":\"PropertyValueSpecification\",\"valueRequired\":true,\"valueName\":\"search_term_string\"}}],\"inLanguage\":\"ru-RU\"}]}<\/script>\n<!-- \/ Yoast SEO plugin. -->","yoast_head_json":{"title":"Sorumlu Oyun | 1xBet \u2013 Adil Oyun, \u00d6z Kontrol ve Oyuncu Deste\u011fi","robots":{"index":"index","follow":"follow","max-snippet":"max-snippet:-1","max-image-preview":"max-image-preview:large","max-video-preview":"max-video-preview:-1"},"canonical":"https:\/\/casino-bk-site33.top\/tr\/sorumlu-oyun\/","og_locale":"ru_RU","og_type":"article","og_title":"Sorumlu Oyun | 1xBet \u2013 Adil Oyun, \u00d6z Kontrol ve Oyuncu Deste\u011fi","og_description":"1xBet&#8217;te Sorumlu Oyun 1xBet&#8217;te, kumar\u0131n bir sorun kayna\u011f\u0131 de\u011fil, e\u011flence ve olumlu duygular kayna\u011f\u0131 olmas\u0131 gerekti\u011fine inan\u0131yoruz. Bu y\u00fczden sorumlu oyun, her oyuncu i\u00e7in g\u00fcvenli ve adil bir ortam sa\u011flayarak yapt\u0131\u011f\u0131m\u0131z her \u015feyin temelinde yer al\u0131r. Bilgi ve Fark\u0131ndal\u0131k Oyunculara kumar\u0131n riskleri hakk\u0131nda net bilgi sa\u011flaman\u0131n hayati \u00f6nem ta\u015f\u0131d\u0131\u011f\u0131n\u0131 d\u00fc\u015f\u00fcn\u00fcyoruz. Web sitemizde, sorunlu kumar\u0131n belirtileri [&hellip;]","og_url":"https:\/\/casino-bk-site33.top\/tr\/sorumlu-oyun\/","og_site_name":"casino-bk-site33.top","twitter_card":"summary_large_image","schema":{"@context":"https:\/\/schema.org","@graph":[{"@type":"WebPage","@id":"https:\/\/casino-bk-site33.top\/tr\/sorumlu-oyun\/","url":"https:\/\/casino-bk-site33.top\/tr\/sorumlu-oyun\/","name":"Sorumlu Oyun | 1xBet \u2013 Adil Oyun, \u00d6z Kontrol ve Oyuncu Deste\u011fi","isPartOf":{"@id":"https:\/\/casino-bk-site33.top\/#website"},"datePublished":"2025-11-06T08:36:35+00:00","breadcrumb":{"@id":"https:\/\/casino-bk-site33.top\/tr\/sorumlu-oyun\/#breadcrumb"},"inLanguage":"ru-RU","potentialAction":[{"@type":"ReadAction","target":["https:\/\/casino-bk-site33.top\/tr\/sorumlu-oyun\/"]}]},{"@type":"BreadcrumbList","@id":"https:\/\/casino-bk-site33.top\/tr\/sorumlu-oyun\/#breadcrumb","itemListElement":[{"@type":"ListItem","position":1,"name":"\u0413\u043b\u0430\u0432\u043d\u0430\u044f \u0441\u0442\u0440\u0430\u043d\u0438\u0446\u0430","item":"https:\/\/casino-bk-site33.top\/"},{"@type":"ListItem","position":2,"name":"Sorumlu Oyun"}]},{"@type":"WebSite","@id":"https:\/\/casino-bk-site33.top\/#website","url":"https:\/\/casino-bk-site33.top\/","name":"casino-bk-site33.top","description":"","potentialAction":[{"@type":"SearchAction","target":{"@type":"EntryPoint","urlTemplate":"https:\/\/casino-bk-site33.top\/?s={search_term_string}"},"query-input":{"@type":"PropertyValueSpecification","valueRequired":true,"valueName":"search_term_string"}}],"inLanguage":"ru-RU"}]}},"amp_enabled":true,"_links":{"self":[{"href":"https:\/\/casino-bk-site33.top\/wp-json\/wp\/v2\/pages\/2183","targetHints":{"allow":["GET"]}}],"collection":[{"href":"https:\/\/casino-bk-site33.top\/wp-json\/wp\/v2\/pages"}],"about":[{"href":"https:\/\/casino-bk-site33.top\/wp-json\/wp\/v2\/types\/page"}],"author":[{"embeddable":true,"href":"https:\/\/casino-bk-site33.top\/wp-json\/wp\/v2\/users\/1"}],"replies":[{"embeddable":true,"href":"https:\/\/casino-bk-site33.top\/wp-json\/wp\/v2\/comments?post=2183"}],"version-history":[{"count":1,"href":"https:\/\/casino-bk-site33.top\/wp-json\/wp\/v2\/pages\/2183\/revisions"}],"predecessor-version":[{"id":2184,"href":"https:\/\/casino-bk-site33.top\/wp-json\/wp\/v2\/pages\/2183\/revisions\/2184"}],"wp:attachment":[{"href":"https:\/\/casino-bk-site33.top\/wp-json\/wp\/v2\/media?parent=2183"}],"curies":[{"name":"wp","href":"https:\/\/api.w.org\/{rel}","templated":true}]}}