{"id":2179,"date":"2025-11-06T10:35:16","date_gmt":"2025-11-06T08:35:16","guid":{"rendered":"https:\/\/casino-bk-site33.top\/?page_id=2179"},"modified":"2025-11-06T10:35:16","modified_gmt":"2025-11-06T08:35:16","slug":"hakkimizda","status":"publish","type":"page","link":"https:\/\/casino-bk-site33.top\/tr\/hakkimizda\/","title":{"rendered":"Hakk\u0131m\u0131zda"},"content":{"rendered":"<h1>Hakk\u0131m\u0131zda<\/h1>\n<p>1xBet, bir spor kitab\u0131 platformu ile \u00e7evrimi\u00e7i casinoyu bir araya getiren modern bir oyun markas\u0131d\u0131r. Kumar oynaman\u0131n sadece bir e\u011flence de\u011fil, ayn\u0131 zamanda heyecan, duygu ve yeni deneyimler i\u00e7in bir f\u0131rsat oldu\u011fu bir ortam yarat\u0131yoruz. Her g\u00fcn d\u00fcnya genelinde milyonlarca kullan\u0131c\u0131 bizi g\u00fcvenilirlik, konfor ve geni\u015f oyun yelpazesi i\u00e7in tercih ediyor.<\/p>\n<h3>Misyonumuz<\/h3>\n<p>Oyunculara adil bahis f\u0131rsatlar\u0131 ve y\u00fcksek kaliteli e\u011flence sunmay\u0131 ama\u00e7l\u0131yoruz. Her kullan\u0131c\u0131n\u0131n kay\u0131t an\u0131ndan kazan\u00e7 \u00e7ekimine kadar kendini g\u00fcvende ve rahat hissetmesi bizim i\u00e7in \u00f6nemlidir. 1xBet, g\u00fcvenli\u011fin ve g\u00fcvenin her zaman \u00f6ncelikli oldu\u011fu bir platform in\u015fa eder.<\/p>\n<h3>Neler Sunuyoruz<\/h3>\n<p>1xBet, m\u00fc\u015fterilerine sadece binlerce spor bahis etkinli\u011fine eri\u015fim de\u011fil, ayn\u0131 zamanda \u00e7evrimi\u00e7i slotlardan, masa oyunlar\u0131ndan ve canl\u0131 casino deneyimlerinden olu\u015fan geni\u015f bir koleksiyon sunar. Platformumuz s\u00fcrekli g\u00fcncellenerek yeni \u00e7\u00f6z\u00fcmler, taze etkinlikler ve cazip promosyonlar sunar.<\/p>\n<h3>Neden 1xBet&#8217;i Se\u00e7melisiniz<\/h3>\n<ul>\n<li>Geni\u015f spor etkinlikleri ve bahis se\u00e7enekleri yelpazesi;<\/li>\n<li>Lider sa\u011flay\u0131c\u0131lardan olu\u015fan b\u00fcy\u00fck bir oyun se\u00e7kisi;<\/li>\n<li>\u015eeffaf ve anla\u015f\u0131lmas\u0131 kolay bonus programlar\u0131;<\/li>\n<li>H\u0131zl\u0131 yat\u0131r\u0131m i\u015flemleri ve g\u00fcvenli \u00e7ekimler;<\/li>\n<li>7\/24 m\u00fc\u015fteri deste\u011fi hizmeti.<\/li>\n<\/ul>\n<h3>G\u00fcvenlik ve G\u00fcvenilirlik<\/h3>\n<p>Kullan\u0131c\u0131 verilerini korumak ve adil oyunu sa\u011flamak \u00e7al\u0131\u015fmalar\u0131m\u0131z\u0131n temel ta\u015f\u0131d\u0131r. Her sonucun \u015feffafl\u0131\u011f\u0131n\u0131 garanti alt\u0131na almak i\u00e7in ileri d\u00fczey \u015fifreleme teknolojileri ve sertifikal\u0131 rastgele say\u0131 \u00fcrete\u00e7leri kullan\u0131yoruz. T\u00fcm finansal i\u015flemler en y\u00fcksek g\u00fcvenlik seviyesinde i\u015flenir, b\u00f6ylece oyuncular sadece oyunun keyfini \u00e7\u0131karabilir.<\/p>\n<h3>Sorumlu Oyun<\/h3>\n<p>1xBet, sorumlu kumar politikalar\u0131n\u0131 aktif olarak te\u015fvik eder. M\u00fc\u015fterilere \u00f6z kontrol ara\u00e7lar\u0131 sa\u011fl\u0131yor ve g\u00fcvenli oyun uygulamalar\u0131 hakk\u0131nda fark\u0131ndal\u0131k yarat\u0131yoruz. \u015eirketimiz, kumar ba\u011f\u0131ml\u0131l\u0131\u011f\u0131n\u0131 \u00f6nlemeye adanm\u0131\u015f kurulu\u015flarla i\u015fbirli\u011fi yapar ve bu alandaki sosyal giri\u015fimleri destekler.<\/p>\n<h3>Oyuncu Deste\u011fi<\/h3>\n<p>M\u00fc\u015fteri destek ekibimiz, her t\u00fcrl\u00fc durumda yard\u0131mc\u0131 olmak i\u00e7in 7\/24 hizmetinizdedir: hesap kayd\u0131, bonus programlar\u0131, teknik sorunlar veya bahis tavsiyeleri. Her oyuncuyu de\u011ferli buluyor ve ihtiya\u00e7 duyduklar\u0131nda profesyonel yard\u0131m almalar\u0131n\u0131 sa\u011fl\u0131yoruz.<\/p>\n<h3>1xBet&#8217;e Kat\u0131l\u0131n<\/h3>\n<p>1xBet sadece bir platform de\u011fil \u2014 ayn\u0131 zamanda spora ve oyuna olan tutkuyla birle\u015fen bir oyuncu toplulu\u011fudur. Sizi yeni f\u0131rsatlar\u0131 ke\u015ffetmeye, adil oyunun heyecan\u0131n\u0131 ya\u015famaya ve g\u00fcvenli ve kazan\u00e7l\u0131 bir oyun yolculu\u011funun tad\u0131n\u0131 \u00e7\u0131karmaya davet ediyoruz.<\/p>\n","protected":false},"excerpt":{"rendered":"<p>Hakk\u0131m\u0131zda 1xBet, bir spor kitab\u0131 platformu ile \u00e7evrimi\u00e7i casinoyu bir araya getiren modern bir oyun markas\u0131d\u0131r. Kumar oynaman\u0131n sadece bir e\u011flence de\u011fil, ayn\u0131 zamanda heyecan, duygu ve yeni deneyimler i\u00e7in bir f\u0131rsat oldu\u011fu bir ortam yarat\u0131yoruz. Her g\u00fcn d\u00fcnya genelinde milyonlarca kullan\u0131c\u0131 bizi g\u00fcvenilirlik, konfor ve geni\u015f oyun yelpazesi i\u00e7in tercih ediyor. Misyonumuz Oyunculara adil [&hellip;]<\/p>\n","protected":false},"author":1,"featured_media":0,"parent":0,"menu_order":0,"comment_status":"closed","ping_status":"closed","template":"","meta":{"_acf_changed":false,"footnotes":""},"class_list":["post-2179","page","type-page","status-publish","hentry"],"acf":[],"yoast_head":"<!-- This site is optimized with the Yoast SEO plugin v27.0 - https:\/\/yoast.com\/product\/yoast-seo-wordpress\/ -->\n<title>Hakk\u0131m\u0131zda | 1xBet \u2013 Y\u00fcksek G\u00fcven Seviyesine Sahip Uluslararas\u0131 Bir Bahis Platformu ve \u00c7evrimi\u00e7i Casino<\/title>\n<meta name=\"robots\" content=\"index, follow, max-snippet:-1, max-image-preview:large, max-video-preview:-1\" \/>\n<link rel=\"canonical\" href=\"https:\/\/casino-bk-site33.top\/tr\/hakkimizda\/\" \/>\n<meta property=\"og:locale\" content=\"ru_RU\" \/>\n<meta property=\"og:type\" content=\"article\" \/>\n<meta property=\"og:title\" content=\"Hakk\u0131m\u0131zda | 1xBet \u2013 Y\u00fcksek G\u00fcven Seviyesine Sahip Uluslararas\u0131 Bir Bahis Platformu ve \u00c7evrimi\u00e7i Casino\" \/>\n<meta property=\"og:description\" content=\"Hakk\u0131m\u0131zda 1xBet, bir spor kitab\u0131 platformu ile \u00e7evrimi\u00e7i casinoyu bir araya getiren modern bir oyun markas\u0131d\u0131r. Kumar oynaman\u0131n sadece bir e\u011flence de\u011fil, ayn\u0131 zamanda heyecan, duygu ve yeni deneyimler i\u00e7in bir f\u0131rsat oldu\u011fu bir ortam yarat\u0131yoruz. Her g\u00fcn d\u00fcnya genelinde milyonlarca kullan\u0131c\u0131 bizi g\u00fcvenilirlik, konfor ve geni\u015f oyun yelpazesi i\u00e7in tercih ediyor. Misyonumuz Oyunculara adil [&hellip;]\" \/>\n<meta property=\"og:url\" content=\"https:\/\/casino-bk-site33.top\/tr\/hakkimizda\/\" \/>\n<meta property=\"og:site_name\" content=\"casino-bk-site33.top\" \/>\n<meta name=\"twitter:card\" content=\"summary_large_image\" \/>\n<script type=\"application\/ld+json\" class=\"yoast-schema-graph\">{\"@context\":\"https:\/\/schema.org\",\"@graph\":[{\"@type\":\"WebPage\",\"@id\":\"https:\/\/casino-bk-site33.top\/tr\/hakkimizda\/\",\"url\":\"https:\/\/casino-bk-site33.top\/tr\/hakkimizda\/\",\"name\":\"Hakk\u0131m\u0131zda | 1xBet \u2013 Y\u00fcksek G\u00fcven Seviyesine Sahip Uluslararas\u0131 Bir Bahis Platformu ve \u00c7evrimi\u00e7i Casino\",\"isPartOf\":{\"@id\":\"https:\/\/casino-bk-site33.top\/#website\"},\"datePublished\":\"2025-11-06T08:35:16+00:00\",\"breadcrumb\":{\"@id\":\"https:\/\/casino-bk-site33.top\/tr\/hakkimizda\/#breadcrumb\"},\"inLanguage\":\"ru-RU\",\"potentialAction\":[{\"@type\":\"ReadAction\",\"target\":[\"https:\/\/casino-bk-site33.top\/tr\/hakkimizda\/\"]}]},{\"@type\":\"BreadcrumbList\",\"@id\":\"https:\/\/casino-bk-site33.top\/tr\/hakkimizda\/#breadcrumb\",\"itemListElement\":[{\"@type\":\"ListItem\",\"position\":1,\"name\":\"\u0413\u043b\u0430\u0432\u043d\u0430\u044f \u0441\u0442\u0440\u0430\u043d\u0438\u0446\u0430\",\"item\":\"https:\/\/casino-bk-site33.top\/\"},{\"@type\":\"ListItem\",\"position\":2,\"name\":\"Hakk\u0131m\u0131zda\"}]},{\"@type\":\"WebSite\",\"@id\":\"https:\/\/casino-bk-site33.top\/#website\",\"url\":\"https:\/\/casino-bk-site33.top\/\",\"name\":\"casino-bk-site33.top\",\"description\":\"\",\"potentialAction\":[{\"@type\":\"SearchAction\",\"target\":{\"@type\":\"EntryPoint\",\"urlTemplate\":\"https:\/\/casino-bk-site33.top\/?s={search_term_string}\"},\"query-input\":{\"@type\":\"PropertyValueSpecification\",\"valueRequired\":true,\"valueName\":\"search_term_string\"}}],\"inLanguage\":\"ru-RU\"}]}<\/script>\n<!-- \/ Yoast SEO plugin. -->","yoast_head_json":{"title":"Hakk\u0131m\u0131zda | 1xBet \u2013 Y\u00fcksek G\u00fcven Seviyesine Sahip Uluslararas\u0131 Bir Bahis Platformu ve \u00c7evrimi\u00e7i Casino","robots":{"index":"index","follow":"follow","max-snippet":"max-snippet:-1","max-image-preview":"max-image-preview:large","max-video-preview":"max-video-preview:-1"},"canonical":"https:\/\/casino-bk-site33.top\/tr\/hakkimizda\/","og_locale":"ru_RU","og_type":"article","og_title":"Hakk\u0131m\u0131zda | 1xBet \u2013 Y\u00fcksek G\u00fcven Seviyesine Sahip Uluslararas\u0131 Bir Bahis Platformu ve \u00c7evrimi\u00e7i Casino","og_description":"Hakk\u0131m\u0131zda 1xBet, bir spor kitab\u0131 platformu ile \u00e7evrimi\u00e7i casinoyu bir araya getiren modern bir oyun markas\u0131d\u0131r. Kumar oynaman\u0131n sadece bir e\u011flence de\u011fil, ayn\u0131 zamanda heyecan, duygu ve yeni deneyimler i\u00e7in bir f\u0131rsat oldu\u011fu bir ortam yarat\u0131yoruz. Her g\u00fcn d\u00fcnya genelinde milyonlarca kullan\u0131c\u0131 bizi g\u00fcvenilirlik, konfor ve geni\u015f oyun yelpazesi i\u00e7in tercih ediyor. Misyonumuz Oyunculara adil [&hellip;]","og_url":"https:\/\/casino-bk-site33.top\/tr\/hakkimizda\/","og_site_name":"casino-bk-site33.top","twitter_card":"summary_large_image","schema":{"@context":"https:\/\/schema.org","@graph":[{"@type":"WebPage","@id":"https:\/\/casino-bk-site33.top\/tr\/hakkimizda\/","url":"https:\/\/casino-bk-site33.top\/tr\/hakkimizda\/","name":"Hakk\u0131m\u0131zda | 1xBet \u2013 Y\u00fcksek G\u00fcven Seviyesine Sahip Uluslararas\u0131 Bir Bahis Platformu ve \u00c7evrimi\u00e7i Casino","isPartOf":{"@id":"https:\/\/casino-bk-site33.top\/#website"},"datePublished":"2025-11-06T08:35:16+00:00","breadcrumb":{"@id":"https:\/\/casino-bk-site33.top\/tr\/hakkimizda\/#breadcrumb"},"inLanguage":"ru-RU","potentialAction":[{"@type":"ReadAction","target":["https:\/\/casino-bk-site33.top\/tr\/hakkimizda\/"]}]},{"@type":"BreadcrumbList","@id":"https:\/\/casino-bk-site33.top\/tr\/hakkimizda\/#breadcrumb","itemListElement":[{"@type":"ListItem","position":1,"name":"\u0413\u043b\u0430\u0432\u043d\u0430\u044f \u0441\u0442\u0440\u0430\u043d\u0438\u0446\u0430","item":"https:\/\/casino-bk-site33.top\/"},{"@type":"ListItem","position":2,"name":"Hakk\u0131m\u0131zda"}]},{"@type":"WebSite","@id":"https:\/\/casino-bk-site33.top\/#website","url":"https:\/\/casino-bk-site33.top\/","name":"casino-bk-site33.top","description":"","potentialAction":[{"@type":"SearchAction","target":{"@type":"EntryPoint","urlTemplate":"https:\/\/casino-bk-site33.top\/?s={search_term_string}"},"query-input":{"@type":"PropertyValueSpecification","valueRequired":true,"valueName":"search_term_string"}}],"inLanguage":"ru-RU"}]}},"amp_enabled":true,"_links":{"self":[{"href":"https:\/\/casino-bk-site33.top\/wp-json\/wp\/v2\/pages\/2179","targetHints":{"allow":["GET"]}}],"collection":[{"href":"https:\/\/casino-bk-site33.top\/wp-json\/wp\/v2\/pages"}],"about":[{"href":"https:\/\/casino-bk-site33.top\/wp-json\/wp\/v2\/types\/page"}],"author":[{"embeddable":true,"href":"https:\/\/casino-bk-site33.top\/wp-json\/wp\/v2\/users\/1"}],"replies":[{"embeddable":true,"href":"https:\/\/casino-bk-site33.top\/wp-json\/wp\/v2\/comments?post=2179"}],"version-history":[{"count":1,"href":"https:\/\/casino-bk-site33.top\/wp-json\/wp\/v2\/pages\/2179\/revisions"}],"predecessor-version":[{"id":2180,"href":"https:\/\/casino-bk-site33.top\/wp-json\/wp\/v2\/pages\/2179\/revisions\/2180"}],"wp:attachment":[{"href":"https:\/\/casino-bk-site33.top\/wp-json\/wp\/v2\/media?parent=2179"}],"curies":[{"name":"wp","href":"https:\/\/api.w.org\/{rel}","templated":true}]}}